{"id":138,"date":"2022-11-23T19:25:12","date_gmt":"2022-11-23T19:25:12","guid":{"rendered":"https:\/\/modernteknolojiyapilari.com.tr\/?page_id=138"},"modified":"2022-12-28T10:10:42","modified_gmt":"2022-12-28T07:10:42","slug":"hakkimizda","status":"publish","type":"page","link":"https:\/\/modernteknolojiyapilari.com.tr\/?page_id=138","title":{"rendered":"Hakk\u0131m\u0131zda"},"content":{"rendered":"<div data-colibri-id=\"138-c1\" class=\"style-341 style-local-138-c1 position-relative\">\n  <!---->\n  <div data-colibri-component=\"section\" data-colibri-id=\"138-c2\" id=\"about\" class=\"h-section h-section-global-spacing d-flex align-items-lg-center align-items-md-center align-items-center style-600 style-local-138-c2 position-relative\">\n    <!---->\n    <!---->\n    <div class=\"h-section-grid-container h-section-boxed-container\">\n      <div data-colibri-id=\"138-c7\" class=\"h-row-container gutters-row-lg-2 gutters-row-md-2 gutters-row-2 gutters-row-v-lg-2 gutters-row-v-md-2 gutters-row-v-2 style-605 style-local-138-c7 position-relative\">\n        <!---->\n        <div class=\"h-row justify-content-lg-center justify-content-md-center justify-content-center align-items-lg-stretch align-items-md-stretch align-items-stretch gutters-col-lg-2 gutters-col-md-2 gutters-col-2 gutters-col-v-lg-2 gutters-col-v-md-2 gutters-col-v-2\">\n          <!---->\n          <div class=\"h-column h-column-container d-flex h-col-lg-auto h-col-md-auto h-col-auto style-606-outer style-local-138-c8-outer\">\n            <div data-colibri-id=\"138-c8\" class=\"d-flex h-flex-basis h-column__inner h-px-lg-2 h-px-md-2 h-px-2 v-inner-lg-2 v-inner-md-2 v-inner-2 style-606 style-local-138-c8 position-relative\">\n              <!---->\n              <!---->\n              <div class=\"w-100 h-y-container h-column__content h-column__v-align flex-basis-auto align-self-lg-start align-self-md-start align-self-start\">\n                <!---->\n                <div data-colibri-id=\"138-c9\" class=\"h-global-transition-all h-heading style-608 style-local-138-c9 position-relative h-element\">\n                  <!---->\n                  <div class=\"h-heading__outer style-608 style-local-138-c9\">\n                    <!---->\n                    <!---->\n                    <h2 class=\"\">Yeni Nesil Yap\u0131 Sistemleri<\/h2>\n                  <\/div>\n                <\/div>\n                <div data-colibri-id=\"138-c10\" class=\"h-lead h-text h-text-component style-609 style-local-138-c10 position-relative h-element\">\n                  <!---->\n                  <!---->\n                  <div class=\"\">\n                    <p>Modern Teknoloji Yap\u0131lar\u0131 yeni nesil yap\u0131 sistemleri ile sek\u00f6rde fark yaratmay\u0131 hedefler. Modern Teknoloj Yap\u0131lar\u0131 yeni nesil daha ince ve g\u00fc\u00e7lendirilmi\u015f al\u00fcminyum \u00fcr\u00fcnleri ile siz ve de\u011ferli misafirleriniz i\u00e7in art\u0131k \u00e7ok daha g\u00fcvenli\n                      ortamlar sunuyor. Ge\u00e7ici ve kal\u0131c\u0131 modern yap\u0131 sistemleri ile parti, etkinlik, organizasyon, fuar gibi bir \u00e7ok alanda ihtiyac\u0131n\u0131z olan \u00e7\u00f6zm\u00fcler sunuyor.<\/p>\n                    <p>\u0130\u015finde tecr\u00fcbeli teknik ekip yenilikci hizmet anlay\u0131\u015f\u0131 ile sekt\u00f6rdeki son geli\u015fmeleri yak\u0131ndan takip ederek hizmet kalitesini artt\u0131rma politikas\u0131n\u0131 kendine ama\u00e7 edinmi\u015ftir.<\/p>\n                    <p>M\u00fc\u015fterilerinin ihtiya\u00e7lar\u0131na en uygun hizmeti vermek i\u00e7in i\u015fini yak\u0131ndan takip eden yap\u0131s\u0131 &#8220;M\u00fc\u015fteri Memnuniyeti&#8221; sa\u011flamaktaki en \u00f6nemli fakt\u00f6rlerinden biridir.<\/p>\n                    <p>Modern Teknoloji Yap\u0131lar\u0131 yeni nesil \u00e7ad\u0131r sistemleri slogan\u0131 ile yola \u00e7\u0131kan firmam\u0131z, yapt\u0131\u011f\u0131 yat\u0131r\u0131mlarla son teknoloji yap\u0131 sistemlerini b\u00fcnyesinde bar\u0131nd\u0131rarak \u00e7ad\u0131r kiralama ve sat\u0131\u015f\u0131 alan\u0131nda hizmet vermektedir. Organizasyonlar\u0131n\u0131z\n                      i\u00e7in i\u015finize en uygun yap\u0131 sistemini en h\u0131zl\u0131 \u015fekilde size teslim edebilmek i\u00e7in \u015firketimiz b\u00fcnyesinde yer alan i\u015finde tecr\u00fcbeli dinamik ekip, son teknoloji teknik ekipmanlar\u0131 ile k\u0131sa s\u00fcrede monte i\u015flemini ger\u00e7ekle\u015ftiriyor, g\u00fcvenlik\n                      testlerinide yap\u0131p s\u00f6z verdi\u011fimiz zaman da organizasyonunuz i\u00e7in haz\u0131r hale getiriyor.<\/p>\n                    <p>Organizasyonlar\u0131n\u0131zda size en uygun ebatlarda ve en kaliteli konstr\u00fcksiyonlarla konuklar\u0131n\u0131z\u0131n kendilerini rahat ve g\u00fcvende hissedece\u011fi ortamlar\u0131 kurmak i\u00e7in \u00e7al\u0131\u015f\u0131yor.<\/p>\n                  <\/div>\n                <\/div>\n              <\/div>\n            <\/div>\n          <\/div>\n        <\/div>\n      <\/div>\n      <div data-colibri-id=\"138-c3\" class=\"h-row-container gutters-row-lg-0 gutters-row-md-0 gutters-row-0 gutters-row-v-lg-0 gutters-row-v-md-0 gutters-row-v-0 style-601 style-local-138-c3 h-overflow-hidden position-relative\">\n        <!---->\n        <div class=\"h-row justify-content-lg-center justify-content-md-center justify-content-center align-items-lg-end align-items-md-end align-items-end gutters-col-lg-0 gutters-col-md-0 gutters-col-0 gutters-col-v-lg-0 gutters-col-v-md-0 gutters-col-v-0\">\n          <!---->\n          <div class=\"h-column h-column-container d-flex h-col-lg-auto h-col-md-auto h-col-auto align-self-lg-end align-self-md-end align-self-end style-602-outer style-local-138-c4-outer\">\n            <div data-colibri-id=\"138-c4\" class=\"d-flex h-flex-basis h-column__inner h-ui-empty-state-container h-px-lg-0 h-px-md-0 h-px-0 v-inner-lg-0 v-inner-md-0 v-inner-0 style-602 style-local-138-c4 position-relative\">\n              <!---->\n              <!---->\n              <div class=\"w-100 h-y-container h-column__content h-column__v-align flex-basis-100\">\n                <!---->\n              <\/div>\n            <\/div>\n          <\/div>\n          <div class=\"h-column h-column-container d-flex h-col-lg-auto h-col-md-auto h-col-auto align-self-lg-end align-self-md-end align-self-end style-603-outer style-local-138-c5-outer\">\n            <div data-colibri-id=\"138-c5\" class=\"d-flex h-flex-basis h-column__inner h-ui-empty-state-container h-px-lg-0 h-px-md-0 h-px-0 v-inner-lg-0 v-inner-md-0 v-inner-0 style-603 style-local-138-c5 position-relative\">\n              <!---->\n              <!---->\n              <div class=\"w-100 h-y-container h-column__content h-column__v-align flex-basis-100\">\n                <!---->\n              <\/div>\n            <\/div>\n          <\/div>\n          <div class=\"h-column h-column-container d-flex h-col-lg-auto h-col-md-auto h-col-auto align-self-lg-end align-self-md-end align-self-end style-604-outer style-local-138-c6-outer\">\n            <div data-colibri-id=\"138-c6\" class=\"d-flex h-flex-basis h-column__inner h-ui-empty-state-container h-px-lg-0 h-px-md-0 h-px-0 v-inner-lg-0 v-inner-md-0 v-inner-0 style-604 style-local-138-c6 position-relative\">\n              <!---->\n              <!---->\n              <div class=\"w-100 h-y-container h-column__content h-column__v-align flex-basis-100\">\n                <!---->\n              <\/div>\n            <\/div>\n          <\/div>\n        <\/div>\n      <\/div>\n    <\/div>\n  <\/div>\n<\/div>","protected":false},"excerpt":{"rendered":"<p>Yeni Nesil Yap\u0131 Sistemleri Modern Teknoloji Yap\u0131lar\u0131 yeni nesil yap\u0131 sistemleri ile sek\u00f6rde fark yaratmay\u0131 hedefler. Modern Teknoloj Yap\u0131lar\u0131 yeni nesil daha ince ve g\u00fc\u00e7lendirilmi\u015f al\u00fcminyum \u00fcr\u00fcnleri ile siz ve de\u011ferli misafirleriniz i\u00e7in art\u0131k \u00e7ok daha g\u00fcvenli ortamlar sunuyor. Ge\u00e7ici ve kal\u0131c\u0131 modern yap\u0131 sistemleri ile parti, etkinlik, organizasyon, fuar gibi bir \u00e7ok alanda ihtiyac\u0131n\u0131z [&hellip;]<\/p>\n","protected":false},"author":1,"featured_media":0,"parent":0,"menu_order":0,"comment_status":"closed","ping_status":"closed","template":"page-templates\/homepage.php","meta":[],"_links":{"self":[{"href":"https:\/\/modernteknolojiyapilari.com.tr\/index.php?rest_route=\/wp\/v2\/pages\/138"}],"collection":[{"href":"https:\/\/modernteknolojiyapilari.com.tr\/index.php?rest_route=\/wp\/v2\/pages"}],"about":[{"href":"https:\/\/modernteknolojiyapilari.com.tr\/index.php?rest_route=\/wp\/v2\/types\/page"}],"author":[{"embeddable":true,"href":"https:\/\/modernteknolojiyapilari.com.tr\/index.php?rest_route=\/wp\/v2\/users\/1"}],"replies":[{"embeddable":true,"href":"https:\/\/modernteknolojiyapilari.com.tr\/index.php?rest_route=%2Fwp%2Fv2%2Fcomments&post=138"}],"version-history":[{"count":8,"href":"https:\/\/modernteknolojiyapilari.com.tr\/index.php?rest_route=\/wp\/v2\/pages\/138\/revisions"}],"predecessor-version":[{"id":898,"href":"https:\/\/modernteknolojiyapilari.com.tr\/index.php?rest_route=\/wp\/v2\/pages\/138\/revisions\/898"}],"wp:attachment":[{"href":"https:\/\/modernteknolojiyapilari.com.tr\/index.php?rest_route=%2Fwp%2Fv2%2Fmedia&parent=138"}],"curies":[{"name":"wp","href":"https:\/\/api.w.org\/{rel}","templated":true}]}}